e prime factors of 1997174634?
2, 3, 7, 13, 181, 2887
What are the prime factors of 1474935603?
3, 223, 2204687
What are the prime factors of 53438949?
3, 41, 97, 1493
List the prime factors of 114620921.
47, 1427, 1709
List the prime factors of 293853503.
373, 787811
What are the prime factors of 663628816?
2, 659, 62939
List the prime factors of 1175173687.
37, 31761451
What are the prime factors of 14308407?
3, 17, 10391
List the prime factors of 7484080937.
109, 2843, 24151
List the prime factors of 48686090.
2, 5, 4868609
List the prime factors of 354916397.
11, 3919, 8233
List the prime factors of 59961207.
3, 19, 23, 45737
List the prime factors of 157607419.
167, 943757
List the prime factors of 203054990.
2, 5, 59, 344161
What are the prime factors of 1228937559?
3, 409645853
List the prime factors of 82745144.
2, 1801, 5743
List the prime factors of 1106131527.
3, 43, 2858221
List the prime factors of 3368760650.
2, 5, 223, 431, 701
List the prime factors of 8454740.
2, 5, 7, 131, 461
What are the prime factors of 839319359?
17, 37, 1334371
List the prime factors of 27004887.
3, 7, 13, 29, 379
What are the prime factors of 62615835?
3, 5, 349, 443
What are the prime factors of 362014446?
2, 3, 73, 547, 1511
List the prime factors of 1144293765.
3, 5, 181, 421471
What are the prime factors of 1501228642?
2, 43, 17456147
What are the prime factors of 2640534093?
3, 241, 405799
List the prime factors of 1382503016.
2, 172812877
What are the prime factors of 266863263?
3, 17, 5232613
What are the prime factors of 261018045?
3, 5, 644489
What are the prime factors of 415788393?
3, 379, 365689
What are the prime factors of 283692343?
11, 1237, 20849
What are the prime factors of 98768177?
7333, 13469
List the prime factors of 337521395.
5, 113, 597383
What are the prime factors of 111658291?
111658291
List the prime factors of 8730469.
11, 17, 46687
List the prime factors of 84181086.
2, 3, 11, 141719
List the prime factors of 457253726.
2, 17, 13448639
List the prime factors of 352601030.
2, 5, 35260103
List the prime factors of 40796049.
3, 7, 1942669
List the prime factors of 133734061.
59, 2266679
What are the prime factors of 176085209?
523, 336683
List the prime factors of 453265341.
3, 89, 1697623
What are the prime factors of 183812532?
2, 3, 769, 19919
What are the prime factors of 159573197?
7, 22796171
List the prime factors of 788439.
3, 269, 977
What are the prime factors of 157979617?
23, 29, 433, 547
What are the prime factors of 1048384955?
5, 1103, 190097
List the prime factors of 3326167025.
5, 41, 3245041
What are the prime factors of 64134787?
23, 2788469
List the prime factors of 277159078.
2, 7, 83, 238519
What are the prime factors of 179355166?
2, 89677583
What are the prime factors of 168500985?
3, 5, 11233399
What are the prime factors of 637119658?
2, 7, 6501221
What are the prime factors of 13792708?
2, 19, 127, 1429
What are the prime factors of 5100663102?
2, 3, 17, 139, 229, 1571
List the prime factors of 1526649276.
2, 3, 127220773
What are the prime factors of 404390837?
349, 1158713
What are the prime factors of 71486266?
2, 61, 585953
What are the prime factors of 2241554709?
3, 7541, 99083
List the prime factors of 126754019.
7, 107, 229, 739
List the prime factors of 1643907556.
2, 31, 13257319
List the prime factors of 429992813.
79, 5442947
List the prime factors of 4862370483.
3, 827, 653281
List the prime factors of 137843965.
5, 7, 233, 16903
What are the prime factors of 125254184?
2, 11, 43, 79, 419
What are the prime factors of 3366182169?
3, 7, 53431463
List the prime factors of 5803763720.
2, 5, 1297, 111869
What are the prime factors of 637921931?
637921931
List the prime factors of 531564663.
3, 7, 25312603
What are the prime factors of 4065762?
2, 3, 677627
List the prime factors of 217767015.
3, 5, 37, 43597
List the prime factors of 20963148.
2, 3, 1746929
List the prime factors of 1252445258.
2, 626222629
List the prime factors of 171157622.
2, 4397, 19463
What are the prime factors of 85921214?
2, 107, 311, 1291
What are the prime factors of 315598097?
29, 877, 12409
What are the prime factors of 98180309?
43, 647, 3529
List the prime factors of 104489368.
2, 23, 567877
List the prime factors of 335109566.
2, 11, 31, 53, 73, 127
What are the prime factors of 1203680761?
19, 337, 187987
What are the prime factors of 10763375?
5, 7, 12301
List the prime factors of 1868632688.
2, 13, 8983811
List the prime factors of 9136284.
2, 3, 761357
What are the prime factors of 12670582?
2, 131, 137, 353
What are the prime factors of 98638073?
98638073
What are the prime factors of 70939463?
7, 863, 11743
List the prime factors of 617018815.
5, 7, 23, 191, 4013
List the prime factors of 740195820.
2, 3, 5, 7, 13, 5021
What are the prime factors of 8765691?
3, 11, 23, 11549
What are the prime factors of 3006864980?
2, 5, 7, 23, 933809
List the prime factors of 6875649.
3, 11, 199, 349
List the prime factors of 4129630106.
2, 7, 17, 547, 31721
What are the prime factors of 565303144?
2, 7, 79, 127781
What are the prime factors of 3034334004?
2, 3, 13, 19450859
List the prime factors of 733573297.
16903, 43399
What are the prime factors of 1588399346?
2, 794199673
What are the prime factors of 188891125?
5, 1511129
List the prime factors of 7884589883.
109, 72335687
List the prime factors of 140192198.
2, 71, 211, 4679
What are the prime factors of 49884709?
7, 19, 157, 2389
List the prime factors of 42932324.
2, 19, 564899
List the prime factors of 49322053.
11, 59, 75997
What are the prime factors of 1184809249?
13, 911, 100043
List the prime factors of 145837342.
2, 7, 23, 313, 1447
What are the prime factors of 14536910?
2, 5, 61, 23831
What are the prime factors of 325055912?
2, 17, 2390117
List the prime factors of 74361369.
3, 23, 89, 12109
List the prime factors of 10500588.
2, 3, 7, 41669
What are the prime factors of 4693090845?
3, 5, 853, 366791
List the prime factors of 747499781.
7, 106785683
List the prime factors of 1790861473.
19, 337, 389, 719
What are the prime factors of 287997286?
2, 143998643
List the prime factors of 294026158.
2, 23, 2017, 3169
List the prime factors of 2606703019.
29, 97, 709, 1307
What are the prime factors of 79577986?
2, 17, 571, 4099
What are the prime factors of 660001726?
2, 1481, 222823
What are the prime factors of 226853057?
226853057
What are the prime factors of 338317875?
3, 5, 7, 42961
List the prime factors of 4820000560.
2, 5, 19, 3171053
What are the prime factors of 5006000224?
2, 19, 251, 32803
What are the prime factors of 1515429151?
19, 127, 659, 953
List the prime factors of 3911701542.
2, 3, 7, 137, 679823
List the prime factors of 403407336.
2, 3, 16808639
List the prime factors of 91549629.
3, 863, 3929
List the prime factors of 255124464.
2, 3, 7, 23, 33013
What are the prime factors of 1594703864?
2, 13, 15333691
List the prime factors of 565867732.
2, 41, 1117, 3089
List the prime factors of 77850037.
4217, 18461
What are the prime factors of 969354920?
2, 5, 19, 1275467
List the prime factors of 1623885647.
41, 39606967
List the prime factors of 54830448.
2, 3, 37, 41, 251
List the prime factors of 185277700.
2, 5, 31, 59, 1013
List the prime factors of 302936167.
41, 251, 29437
List the prime factors of 10299998.
2, 23, 31, 233
What are the prime factors of 637278572?
2, 7, 23, 53, 18671
What are the prime factors of 498786737?
11953, 41729
List the prime factors of 1049210723.
11, 19, 456377
List the prime factors of 1539578703.
3, 13, 83, 475619
List the prime factors of 539730366.
2, 3, 7, 509, 25247
List the prime factors of 469946430.
2, 3, 5, 373, 13999
List the prime factors of 70471432.
2, 31, 284159
List the prime factors of 37467128.
2, 4683391
What are the prime factors of 3147029894?
2, 37, 61, 149, 4679
List the prime factors of 177482660.
2, 5, 8874133
List the prime factors of 4948064262.
2, 3, 274892459
What are the prime factors of 122277850?
2, 5, 2445557
List the prime factors of 111649400.
2, 5, 151, 3697
List the prime factors of 138697650.
2, 3, 5, 7, 13, 1129
What are the prime factors of 239290961?
7, 13, 59, 6367
What are the prime factors of 2355500128?
2, 47, 1049, 1493
What are the prime factors of 7